s the tens digit of ((-2)/(-4) - b)*20?
1
Let k(h) = -h - 4 + 5*h + 0*h - 3*h. Let w be k(3). What is the units digit of (-2)/((4/64)/w)?
2
Suppose -6*w + 0*w + 384 = 0. What is the units digit of (-3 - w/12)*-3?
5
Let c = 4 + -13. Let l = 25 + c. Suppose 52 = -l*f + 20*f. What is the tens digit of f?
1
Let u(w) = w**3 + 20*w**2 + 15*w + 62. What is the tens digit of u(-19)?
3
Suppose -16*h = -35*h + 10602. What is the units digit of h?
8
Suppose -6*c + 8 = -4. Let i(b) = b**2 + b**2 + b**c - 14*b + 16 - 4*b**2. What is the tens digit of i(-14)?
1
Let c = 8 - 4. Suppose 0*g = -g - 4*n + 21, 3*g - 31 = -c*n. Suppose 21 + 59 = g*h. What is the units digit of h?
6
Let o(r) = r**2 - 7*r + 3. Let t be o(5). Let n(u) = u**2 - 21. What is the tens digit of n(t)?
2
Let h(l) = 89*l - 13. What is the tens digit of h(4)?
4
Let x(g) = g - 6. Let l be x(8). Suppose -3*n = 3, 2*o - 2 = -4*n + l. Suppose 89 = 3*b - 0*b - 2*j, -j + 137 = o*b. What is the units digit of b?
3
Let t(s) = -s**2 - 5*s + 0*s + 12 + 0*s. Let p be t(-9). What is the units digit of (-15)/(-2)*(-64)/p?
0
Suppose -96*r + 40467 = -68589. What is the hundreds digit of r?
1
Let q(j) = j**2 + j + 5. Suppose 0 = 5*u - g, -13 = -2*u - u - 2*g. Let r = -6 + u. What is the units digit of q(r)?
5
Suppose -f + 3 = -4*f. Let u(j) = -9*j - 1. Let p be u(f). Suppose -4*r = -p*r + 5*q + 133, 2*r + 5*q - 89 = 0. What is the tens digit of r?
3
Let w = -113 + 518. What is the units digit of w?
5
Let h(f) = -22 + 8 - f**2 - 19*f - 6. Let c be h(-19). Let d = 22 + c. What is the units digit of d?
2
Let n(x) = 19*x - 4. Let o(p) = -3*p + 1. Let d(t) = 8*t - 3. Let z(h) = -2*d(h) - 7*o(h). Let r(b) = 4*n(b) - 18*z(b). What is the units digit of r(-3)?
4
Let v = -24 - -25. What is the tens digit of ((-2)/(-4))/(v/138)?
6
Suppose -60*m + 1768 = -56*m. What is the units digit of m?
2
Suppose -9*q = -7*q - 12. Suppose -c = -2*c - q. Let a(h) = -6*h - 4. What is the tens digit of a(c)?
3
Let r = -224 - -376. Suppose z - r = 55. What is the hundreds digit of z?
2
Suppose 5*i = 2*m + 13601, 5*m = -3*i + 11280 - 3107. What is the tens digit of i?
2
Let k be (27/6)/((-1)/2). Suppose 2*m = -2*m - 4*g + 88, -5*m = g - 122. Let f = k + m. What is the units digit of f?
6
Let q(v) = v + 46. Let y be q(-16). Let s = 33 - y. Suppose -19 = s*k - 4*k. What is the units digit of k?
9
Suppose -2*y - 51 = y. Let d(u) = -u**2 - 19*u + 1. Let v(x) = x**2 + 19*x. Let l(o) = -3*d(o) - 4*v(o). What is the units digit of l(y)?
1
Let l be (9/6)/(3/(-44)). Let k = l - -20. Let w(u) = 11*u**2 + 3*u + 5. What is the units digit of w(k)?
3
Let i(d) = -84 - 6*d - 3*d**2 - d + 82 + 2*d**2. Let a = 3 - 8. What is the units digit of i(a)?
8
Let q = 16 - 9. Let o(d) = d**3 - 6*d**2 + 6*d - 13. What is the units digit of o(q)?
8
Let u(j) = 664*j**2 - 23*j + 40. What is the hundreds digit of u(2)?
6
Let l(v) = -10*v - 10. Let i be l(15). What is the units digit of (-25)/(-2)*i/(-25)?
0
Suppose 0 = -2*v - v + 21. Let k = v + -4. Suppose k*f - 5*d = 98, 0*f + 6 = f + 5*d. What is the units digit of f?
6
Suppose 5*c = -5*b + 2*b + 49, -c - 4*b + 20 = 0. Suppose 10*n = -c*n + 702. What is the units digit of n?
9
Suppose 23 = 2*c + 27. What is the units digit of (c - 3)/(1/5*-1)?
5
Let c(w) be the third derivative of w**5/60 - 7*w**4/12 - w**2. Let u be c(14). Suppose o + u*v - 5*v - 17 = 0, 102 = 4*o - 3*v. What is the units digit of o?
7
Let g(c) = -c**3 + 5*c**2 - 6*c. Let x be g(5). What is the units digit of (-12)/x - (-3552)/20?
8
What is the units digit of ((-54)/12)/((-7)/1512)?
2
Let y(z) = z**2 + 29*z - 188. What is the tens digit of y(-43)?
1
Let r(w) = -w + 1. Let u be r(-1). Suppose 2*b + u*h = -3*b - 170, -136 = 4*b - 4*h. Let z = b + 44. What is the tens digit of z?
1
Let a(b) = 1597*b + 78. What is the tens digit of a(2)?
7
Let t(j) = -j**2 + 8*j - 3. Let l be t(7). Suppose -6 - 6 = -l*a. What is the units digit of (-26)/((-51)/15 + a)?
5
Suppose 2*p + 19 + 7 = 2*c, -4*p + 3*c - 49 = 0. What is the units digit of p/(-5)*(0 + 2)?
4
Let z(r) = 3*r**3 - 4*r**2 - 7*r + 13. Let g be z(4). Let k = g + -40. What is the tens digit of k?
7
Suppose 5*y - 3*q = -8*q - 870, -3*y + 4*q - 536 = 0. Let g = -93 - y. What is the tens digit of g?
8
What is the hundreds digit of 52578/322 - (-4)/(-14)?
1
Let k(u) = -u**2 + 8*u + 14. Let h be 4/(-6)*27/(-2). Let r be k(h). Suppose -30 = 2*z - r*z. What is the tens digit of z?
1
Suppose 0*x = -2*x - 224. Let y = 196 + x. What is the tens digit of y?
8
Let f be 222/(-4)*(-12)/(-9). Let r = -45 - f. What is the units digit of r?
9
Let p(y) be the third derivative of y**6/120 + 3*y**5/20 + 5*y**4/24 + y**3 - y**2. Let u = 17 - 25. What is the units digit of p(u)?
0
Suppose 4*i - 4*o - 5652 = 0, -2*i + 0*o + 2811 = -5*o. What is the hundreds digit of i?
4
Suppose 9 + 15 = 4*k. What is the tens digit of (-154)/(-5)*15/k?
7
Suppose 2*f - 4502 = -4*o, -f = 2*f + o - 6778. What is the thousands digit of f?
2
What is the units digit of 2*(8002/28 + (-2)/7)?
1
What is the hundreds digit of (39/(-15) - -3) + (-1908)/(-5)?
3
Let m(d) = 59*d**2 + 15*d + 1. What is the hundreds digit of m(-2)?
2
Suppose s + 3 = 0, -37*w + 34*w = -3*s - 9024. What is the tens digit of w?
0
Let m be (-1)/(-3) + 208/24. What is the units digit of (9*2/(-15))/(m/(-390))?
2
Suppose 26349 = 24*s - 16923. What is the thousands digit of s?
1
Suppose 0 = 4*i - 133 + 553. Let s = -52 - i. What is the units digit of s?
3
Suppose 3*y + 2*l + 80 = 0, -l + 5*l - 92 = 3*y. Let k = y - -35. Suppose -19 - k = -a. What is the units digit of a?
6
Let s = 2 - 4. Let u be (-3 - (-9 - s)) + -1. Suppose 5*y = y - o + 145, o + 107 = u*y. What is the tens digit of y?
3
Let h(d) = 1401*d**2 - 3*d + 3. What is the thousands digit of h(1)?
1
Let u = -21 + 32. Let m(p) = -7*p + 3*p**2 - 3 - 2*p**2 + 0. What is the units digit of m(u)?
1
Suppose 0 = -d + 1, 5*g + 0*d + 3*d = -82. Let k = 55 - g. What is the units digit of k?
2
Suppose -4*m - 182 = -17*m. What is the tens digit of 3/(1773/5544 - 4/m)?
8
Let n = 474 + -265. What is the units digit of n?
9
Suppose -3*c + 2*b = 6, -8 = 4*c + 3*b - 0. What is the units digit of (-11 - -62)/((-2)/c)?
1
Let q(f) = f**3 - f**2 + 53. Let k be (-28)/(-12) + (-4)/12. Suppose p = -x + k, -4*p + 8 = 5*x - 0*p. What is the units digit of q(x)?
3
Let n be 2/5 - (-132)/(-30). Let r be -38*n/24*-3. Let k = r - -66. What is the units digit of k?
7
What is the tens digit of ((-31242)/(-82))/(2 - 5/4)?
0
Suppose -31 = 4*y - 15. What is the tens digit of (1 - -29)*(-3 - y)?
3
Let n be ((-6)/7)/((-6)/28). Suppose u = n*u - 12, 18 = 5*y + 2*u. Suppose -5*w + 56 + 9 = 2*s, y*s - 3*w - 25 = 0. What is the tens digit of s?
2
Let n(t) = -t**2 - 7*t - 2 - t - 2 + 0. What is the units digit of n(-4)?
2
Let p(n) = 9*n**2 + 12*n - 37. What is the tens digit of p(6)?
5
Let u(g) = 4*g**2 - 7*g + 12. Let r(o) = -o**2 + o - 1. Let d(h) = -5*r(h) - u(h). Let i be d(-6). Suppose -p = -18 + i. What is the units digit of p?
1
Let v(l) = -90*l**3 + 12*l + 25. What is the units digit of v(-4)?
7
Let r(h) = h**3 - 11*h**2 - 6*h - 22. What is the tens digit of r(12)?
5
Suppose 0 = n - 20 - 4. Let f be (15/(-6))/((-2)/n). Suppose -d - 31 = -3*k, 2*d + 2 - f = -4*k. What is the units digit of k?
9
Let v = -16 + 11. Let c(m) = -m**3 - 6*m**2 - 12*m - 7. What is the units digit of c(v)?
8
Let f = -684 + 471. What is the hundreds digit of (-4)/(-8) + f/(-2)?
1
Suppose 5*l = 3*l + 2964. Suppose -l = -2*p - 11*p. What is the units digit of p?
4
Let d(w) = -w**2 + 19*w - 38. Suppose -3*m + 5*r + 16 + 22 = 0, -m + 10 = -3*r. What is the units digit of d(m)?
0
Let u = 15 - 22. What is the hundreds digit of 2/(-14) + (-876)/u?
1
Suppose i = -r + 23, -6*r + 5*i + 85 = -r. Let g = 57 - r. What is the units digit of g?
7
Let m be ((-190)/(-3))/(30/45). Suppose 0 = 5*q + a - 2, 0*q + 2 = -4*q + a. Suppose 5*y - 75 - m = q. What is the units digit of y?
4
Suppose p = l + 20, -3*p + 8*p - l = 100. Let b = p + -29. What is the units digit of (-3)/b + 33/9?
4
What is the tens digit of (2/((-2)/367))/(14 - 15)?
6
Suppose -108572 = -45*o + 8428. What is the units digit of o?
0
Suppose i + 3 + 13 = 0. Let v = -19 - i. Let h = 7 - v. What is the units digit of h?
0
Let a(l) 